300 (base 12) in base 10?
-3928176
What is 4040740 (base 8) in base 3?
2000010111202
Convert 627560 (base 9) to base 11.
235251
54372 (base 12) to base 16
1b206
-1011101110010111000 (base 2) to base 16
-5dcb8
Convert -86d05 (base 16) to base 9.
-1031422
-120213 (base 8) to base 3
-2002101012
Convert c145d4 (base 15) to base 16.
8c0b5d
-32214214 (base 5) to base 8
-1025243
Convert -27350c (base 13) to base 2.
-11100111111011001001
What is -39262 (base 13) in base 15?
-21584
What is -a73b4 (base 13) in base 15?
-5e598
10152423 (base 6) to base 5
33413113
What is 32521553 (base 6) in base 11?
606603
What is 403401014 (base 5) in base 15?
2208de
What is -1110101001110111 (base 2) in base 6?
-1141515
-1737574 (base 8) to base 3
-221210112101
What is -1006133 (base 7) in base 15?
-25755
What is 202211112201 (base 3) in base 8?
1440757
What is 21121111112122 (base 3) in base 5?
2013414022
What is 11212102212 (base 3) in base 8?
273113
-130420453 (base 6) to base 9
-4721416
135551053 (base 7) to base 4
202001300200
Convert -4045335 (base 7) to base 16.
-75b28
What is 2017277 (base 8) in base 3?
1000000222121
What is 2625586 (base 9) in base 2?
101011110001100111010
Convert -1946593 (base 10) to base 2.
-111011011001111100001
-10010110011110011101001 (base 2) to base 16
-4b3ce9
Convert a462c (base 15) to base 5.
113134032
-101101000000001110001 (base 2) to base 12
-5b1495
Convert 2451a81 (base 12) to base 16.
6bf1c1
10001440 (base 7) to base 8
3111456
c95b6 (base 16) to base 11
513720
Convert -251a621 (base 12) to base 13.
-1670326
Convert -1a06667 (base 12) to base 3.
-101022200211221
Convert -ba153 (base 12) to base 16.
-3bf4f
Convert -cbc83 (base 15) to base 13.
-198909
Convert 11120210221121 (base 3) to base 8.
11227621
12323013 (base 8) to base 10
2729483
-141502 (base 10) to base 5
-14012002
What is -14c3e (base 15) in base 14?
-1a536
What is -22340522 (base 6) in base 4?
-2212132202
-21023332200 (base 4) to base 3
-11112100122020
What is -74965 (base 12) in base 2?
-100101011101011101
Convert -2002112222202 (base 3) to base 2.
-100001111110001011000
Convert -4c13b (base 14) to base 6.
-4001001
What is -16a1082 (base 12) in base 5?
-2200010122
What is 1d59a9 (base 16) in base 12?
789175
Convert -131123001 (base 4) to base 12.
-598a9
What is 6937 (base 14) in base 11?
12806
What is -505ba (base 13) in base 15?
-2c91d
-336318 (base 11) to base 12
-219a44
What is -1001000101111011001 (base 2) in base 11?
-19393a
Convert -1828968 (base 13) to base 3.
-112211000100120
-113546 (base 10) to base 8
-335612
Convert -a3 (base 16) to base 15.
-ad
Convert f79cf (base 16) to base 14.
1c5887
What is -10424738 (base 9) in base 8?
-23153435
What is 112202012011122 (base 3) in base 10?
7837604
What is -229a08 (base 13) in base 7?
-6660052
What is 2b8b43 (base 14) in base 12?
61501b
What is -322313311 (base 4) in base 6?
-5100221
12245111 (base 8) to base 4
22110221021
Convert 270208 (base 13) to base 15.
139574
Convert 1100460 (base 9) to base 16.
90414
Convert -44044552 (base 7) to base 9.
-7084654
Convert -34040 (base 6) to base 12.
-2920
Convert 3251d (base 16) to base 2.
110010010100011101
What is 7370e (base 16) in base 5?
110112341
-1552621 (base 9) to base 7
-10215346
16321334 (base 8) to base 9
7086357
Convert 6355412 (base 7) to base 6.
24301532
-241446 (base 9) to base 7
-1144005
Convert 11443422 (base 5) to base 3.
12112211211
What is 4369029 (base 10) in base 16?
42aa85
Convert -ce3c (base 16) to base 13.
-1b053
What is -2677e (base 16) in base 10?
-157566
Convert -3601754 (base 11) to base 16.
-5fdfda
Convert 1164d (base 16) to base 15.
1619a
What is 1133002200 (base 4) in base 15?
7a520
Convert -2270763 (base 13) to base 10.
-10597395
What is -1ea6c9 (base 16) in base 4?
-13222123021
Convert 20123304 (base 5) to base 14.
429b9
Convert 212511150 (base 6) to base 10.
3772938
What is 432614 (base 11) in base 4?
2220311022
What is -1300213100 (base 4) in base 16?
-709d0
What is -10110502 (base 6) in base 5?
-33223230
What is -1070073 (base 8) in base 4?
-1013000323
Convert -889344 (base 10) to base 15.
-128799
What is -100201414 (base 5) in base 13?
-10b99b
What is -2293 (base 16) in base 2?
-10001010010011
What is 13760113 (base 8) in base 11?
1853374
-24222004 (base 5) to base 6
-4504344
Convert -34a1671 (base 12) to base 4.
-212301101311
Convert -1122120002121 (base 3) to base 11.
-549a45
Convert 653826 (base 9) to base 11.
246a88
What is 284948 (base 12) in base 10?
671816
-5407857 (base 9) to base 3
-12110021221221
Convert 1430542 (base 9) to base 7.
6460454
What is -46f406 (base 16) in base 4?
-101233100012
-100000011110110010 (base 2) to base 14
-366b0
What is 113313021 (base 4) in base 14?
27893
What is 42320330 (base 5) in base 16?
568a1
Convert -101000101000001111001001 (base 2) to base 7.
-156346136
What is -320c5 (base 13) in base 6?
-1533434
24b7b8 (base 12) to base 6
20513152
Convert -30245504 (base 6) to base 3.
-1121210011211
-11110011221 (base 3) to base 9
-143157
Convert 103334141 (base 5) to base 3.
211211022121
What is -1001010011010101000 (base 2) in base 8?
-1123250
200021200011000 (base 3) to base 5
4441420244
Convert 112243411 (base 5) to base 12.
20683b
Convert -33262277 (base 8) to base 3.
-111111020022111
Convert 8ea4c3 (base 16) to base 10.
9348291
2522250 (base 7) to base 3
121111202100
What is 1152246 (base 7) in base 12?
71293
Convert -7826c (base 15) to base 12.
-165033
Convert -e2465 (base 16) to base 14.
-1a1a97
Convert 76ad9d (base 14) to base 11.
22aa377
What is 9e7e9 (base 15) in base 14?
d1cbb
1040113123 (base 5) to base 2
1000101010001001011100
Convert 744b0 (base 13) to base 6.
4254022
Convert 715037 (base 9) to base 2.
1100111011010011111
-34502664 (base 8) to base 2
-11100101000010110110100
What is -322120102 (base 4) in base 14?
-63202
-245929 (base 11) to base 7
-3205324
4342110 (base 8) to base 3
2012011012110
Convert -2a7257 (base 15) to base 3.
-10212002220201
What is -10200311 (base 4) in base 12?
-a845
What is -23223003 (base 4) in base 9?
-72523
Convert a2e2a (base 15) to base 2.
1111110000001011110
What is -18b891 (base 15) in base 3?
-2021010210201
What is -2014304012 (base 5) in base 16?
-3de6b5
2536810 (base 10) to base 12
a2408a
What is 4610444 (base 7) in base 12?
23826b
-35077 (base 13) to base 10
-96766
Convert -5864540 (base 11) to base 12.
-3519b40
11111011011001101001000 (base 2) to base 5
4102103041
7ca1 (base 15) to base 5
1321401
48737 (base 9) to base 8
77645
Convert -206e04 (base 16) to base 15.
-2beacb
Convert 323133133313 (base 4) to base 3.
1002100100000112
Convert -1016840 (base 9) to base 13.
-16024b
1121201121 (base 3) to base 12
16544
What is 75a79 (base 11) in base 2?
11010111101100110
What is -1974869 (base 10) in base 15?
-29022e
What is 1210222120220 (base 3) in base 4?
3223121013
Convert -574750 (base 8) to base 10.
-195048
Convert -1150548 (base 9) to base 8.
-2302200
Convert -111100101110010110000 (base 2) to base 6.
-110352024
What is 7ac4d (base 15) in base 6?
12213414
What is 2321433 (base 6) in base 9?
202063
What is -12221101211002 (base 3) in base 16?
-302cae
252a83 (base 16) to base 12
995683
Convert 4807404 (base 10) to base 14.
8d1d80
Convert 2054042 (base 6) to base 14.
28998
Convert -1b523b (base 16) to base 14.
-348747
2431057 (base 8) to base 12
28283b
Convert 210452210 (base 6) to base 9.
6824226
What is 252114 (base 8) in base 16?
1544c
Convert -76a6b3 (base 13) to base 4.
-22222001023
What is -110010111001100101100000 (base 2) in base 10?
-13343072
220200100111 (base 3) to base 8
1664612
What is 210311312 (base 4) in base 10?
150902
What is 1101111111110100011 (base 2) in base 11?
293663
-63811 (base 11) to base 16
-16a93
Convert 4504331 (base 7) to base 9.
1036828
267ba7 (base 16) to base 3
11202010120021
What is 49902 (base 10) in base 11?
34546
Convert -47122 (base 12) to base 2.
-10111001111101010
Convert -213322203020 (base 4) to base 3.
-201200121010112
Convert 12432103233 (base 5) to base 14.
20b7dba
-312454333 (base 6) to base 11
-3093198
155b70 (base 12) to base 4
1120211010
What is 186a393 (base 12) in base 2?
10011100001101110011111
Convert -3c5612 (base 13) to base 14.
-2a32db
Convert -301320422 (base 5) to base 16.
-12489d
-2890a09 (base 11)